{"id":1361,"date":"2022-08-30T06:32:29","date_gmt":"2022-08-30T06:32:29","guid":{"rendered":"https:\/\/digires.lt\/?post_type=event&#038;p=1361"},"modified":"2022-09-01T10:44:09","modified_gmt":"2022-09-01T10:44:09","slug":"butent-diskusija-kas-atsakingas-uz-musu-skaitmenini-atsparuma","status":"publish","type":"event","link":"https:\/\/digires.lt\/ru\/event\/butent-diskusija-kas-atsakingas-uz-musu-skaitmenini-atsparuma\/","title":{"rendered":"B\u016aTENT! DIGIRES diskusija: kas atsakingas u\u017e m\u016bs\u0173 skaitmenin\u012f atsparum\u0105?"},"content":{"rendered":"\n<p>Baltijos skaitmeninio atsparumo tyrim\u0173 centras DIGIRES kvie\u010dia dalyvauti diskusijoje visuomen\u0117s skaitmeninio atsparumo didinimo tema, kuri vyks rugs\u0117jo 2 d., penktadien\u012f, <strong>18.30 val.<\/strong> Diskusij\u0173 festivalio <strong>\u201eB\u016aTENT!\u201c<\/strong> Bir\u0161tone <strong>diskusij\u0173 erdv\u0117je \u201ePoky\u010dio Lietuva\u201c (6)<\/strong>.<\/p>\n\n\n\n<p>Nuoroda \u012f festivalio <a href=\"https:\/\/diskusijufestivalis.lt\/wp-content\/uploads\/2022\/08\/a3_programa_300dpi_CMYK_compressed.pdf\">program\u0105<\/a><\/p>\n\n\n\n<p>Pasikalb\u0117kime drauge, kas atsakingas u\u017e m\u016bs\u0173 skaitmenin\u012f atsparum\u0105. Politikai, priimantys sprendimus? Mokytojai, mokantys medij\u0173 ra\u0161tingumo mokyklose? \u017diniasklaidos darbuotojai, tikrinantys ir paneigiantys neteisingos informacijos sklaid\u0105? O gal mes patys, kiekvienas asmeni\u0161kai?<\/p>\n\n\n\n<p>K\u0105 reikia i\u0161mokti ir k\u0105 suprasti, kad taptume atsparesni, diskusijoje kalb\u0117s VDU mokslininkai, \u017einiasklaidos ir medij\u0173 ra\u0161tingumo ekspertai, \u017eurnalistai.<\/p>\n\n\n\n<p>Diskusijos dalyviai:&nbsp;<\/p>\n\n\n\n<p>DIGIRES projekto vadov\u0117 ir vyriausioji tyr\u0117ja, VDU Vie\u0161osios komunikacijos katedros profesor\u0117 Auks\u0117 Bal\u010dytien\u0117;<\/p>\n\n\n\n<p>VDU Informatikos fakulteto docentas, VDU Skaitmenini\u0173 i\u0161tekli\u0173 ir tarpdisciplinini\u0173 tyrim\u0173 instituto mokslininkasDarius Amilevi\u010dius;&nbsp;<\/p>\n\n\n\n<p>DELFI Verslo vystymo vadov\u0117 Ieva Ivanauskait\u0117;<\/p>\n\n\n\n<p>DELFI \u201eMelo detektoriaus\u201c redaktor\u0117 ir \u017eurnalist\u0117, fakt\u0173 tikrintoja Aist\u0117 Meidut\u0117;<\/p>\n\n\n\n<p>\u201eMedia4Change\u201c vadov\u0117 Neringa Jur\u010diukonyt\u0117;<\/p>\n\n\n\n<p>Pokalbio moderator\u0117 \u017eurnalist\u0117 Brigita Sabaliauskait\u0117.<\/p>\n\n\n\n<p>Taip pat kvie\u010diame festivalyje aplankyti DIGIRES partnerio \u201eMedia4Change\u201c <strong>\u012etraukiosios \u017eurnalistikos laboratorijos erdv\u0119 (J)<\/strong>. Festivalyje \u201eB\u016btent!\u201c j\u0105 rasite \u012fsik\u016brusi\u0105 tarp diskusij\u0173 erdvi\u0173 \u201eSkaitmenin\u0117 Lietuva\u201c (5) ir \u201ePoky\u010dio Lietuva\u201c (8). Nuoroda \u012f festivalio <a href=\"https:\/\/diskusijufestivalis.lt\/wp-content\/uploads\/2022\/08\/a3_300dpi_CMYK_zemelapis.pdf\">\u017eem\u0117lap\u012f <\/a><\/p>\n\n\n\n<p>DIGIRES yra bendra akademin\u0117s bendruomen\u0117s, \u017einiasklaidos organizacij\u0173 ir nepriklausom\u0173 \u017eurnalist\u0173 iniciatyva, skirta aptikti, analizuoti ir u\u017ekardyti dezinformacijos veikl\u0105 Lietuvoje ir u\u017e jos rib\u0173.&nbsp;<\/p>\n\n\n\n<p>Auk\u0161tos kvalifikacijos ekspert\u0173 komanda, glaud\u017eiai bendradarbiaudama su \u017einiasklaidos organizacijomis, nepriklausomais \u017eurnalistais, mokslo bendruomene ir pla\u010di\u0105ja visuomene, siekia didinti Lietuvos visuomen\u0117s skaitmenin\u012f atsparum\u0105.<\/p>\n","protected":false},"featured_media":1368,"template":"","class_list":["post-1361","event","type-event","status-publish","has-post-thumbnail","hentry"],"acf":[],"_links":{"self":[{"href":"https:\/\/digires.lt\/ru\/wp-json\/wp\/v2\/event\/1361","targetHints":{"allow":["GET"]}}],"collection":[{"href":"https:\/\/digires.lt\/ru\/wp-json\/wp\/v2\/event"}],"about":[{"href":"https:\/\/digires.lt\/ru\/wp-json\/wp\/v2\/types\/event"}],"wp:featuredmedia":[{"embeddable":true,"href":"https:\/\/digires.lt\/ru\/wp-json\/wp\/v2\/media\/1368"}],"wp:attachment":[{"href":"https:\/\/digires.lt\/ru\/wp-json\/wp\/v2\/media?parent=1361"}],"curies":[{"name":"wp","href":"https:\/\/api.w.org\/{rel}","templated":true}]}}

BŪTENT! DIGIRES diskusija: kas atsakingas už mūsų skaitmeninį atsparumą?

<p>Baltijos skaitmeninio atsparumo tyrimų centras DIGIRES kviečia dalyvauti diskusijoje visuomenės skaitmeninio atsparumo didinimo tema, kuri vyks rugsėjo 2 d., penktadienį, <strong>18.30 val.</strong> Diskusijų festivalio <strong>„BŪTENT!“</strong> Birštone <strong>diskusijų erdvėje „Pokyčio Lietuva“ (6)</strong>.</p>



<p>Nuoroda į festivalio <a href="https://diskusijufestivalis.lt/wp-content/uploads/2022/08/a3_programa_300dpi_CMYK_compressed.pdf">programą</a></p>



<p>Pasikalbėkime drauge, kas atsakingas už mūsų skaitmeninį atsparumą. Politikai, priimantys sprendimus? Mokytojai, mokantys medijų raštingumo mokyklose? Žiniasklaidos darbuotojai, tikrinantys ir paneigiantys neteisingos informacijos sklaidą? O gal mes patys, kiekvienas asmeniškai?</p>



<p>Ką reikia išmokti ir ką suprasti, kad taptume atsparesni, diskusijoje kalbės VDU mokslininkai, žiniasklaidos ir medijų raštingumo ekspertai, žurnalistai.</p>



<p>Diskusijos dalyviai:&nbsp;</p>



<p>DIGIRES projekto vadovė ir vyriausioji tyrėja, VDU Viešosios komunikacijos katedros profesorė Auksė Balčytienė;</p>



<p>VDU Informatikos fakulteto docentas, VDU Skaitmeninių išteklių ir tarpdisciplininių tyrimų instituto mokslininkasDarius Amilevičius;&nbsp;</p>



<p>DELFI Verslo vystymo vadovė Ieva Ivanauskaitė;</p>



<p>DELFI „Melo detektoriaus“ redaktorė ir žurnalistė, faktų tikrintoja Aistė Meidutė;</p>



<p>„Media4Change“ vadovė Neringa Jurčiukonytė;</p>



<p>Pokalbio moderatorė žurnalistė Brigita Sabaliauskaitė.</p>



<p>Taip pat kviečiame festivalyje aplankyti DIGIRES partnerio „Media4Change“ <strong>Įtraukiosios žurnalistikos laboratorijos erdvę (J)</strong>. Festivalyje „Būtent!“ ją rasite įsikūrusią tarp diskusijų erdvių „Skaitmeninė Lietuva“ (5) ir „Pokyčio Lietuva“ (8). Nuoroda į festivalio <a href="https://diskusijufestivalis.lt/wp-content/uploads/2022/08/a3_300dpi_CMYK_zemelapis.pdf">žemėlapį </a></p>



<p>DIGIRES yra bendra akademinės bendruomenės, žiniasklaidos organizacijų ir nepriklausomų žurnalistų iniciatyva, skirta aptikti, analizuoti ir užkardyti dezinformacijos veiklą Lietuvoje ir už jos ribų.&nbsp;</p>



<p>Aukštos kvalifikacijos ekspertų komanda, glaudžiai bendradarbiaudama su žiniasklaidos organizacijomis, nepriklausomais žurnalistais, mokslo bendruomene ir plačiąja visuomene, siekia didinti Lietuvos visuomenės skaitmeninį atsparumą.</p>
