{"id":3235,"date":"2023-10-09T08:10:35","date_gmt":"2023-10-09T08:10:35","guid":{"rendered":"https:\/\/digires.lt\/?post_type=event&#038;p=3235"},"modified":"2023-10-20T08:41:10","modified_gmt":"2023-10-20T08:41:10","slug":"nuotolinis-seminaras-informacinis-rastingumas-kodel-pilkojoje-zonoje-mastome-kritiskai","status":"publish","type":"event","link":"https:\/\/digires.lt\/en\/event\/nuotolinis-seminaras-informacinis-rastingumas-kodel-pilkojoje-zonoje-mastome-kritiskai\/","title":{"rendered":"Nuotolinis seminaras \u201eInformacinis ra\u0161tingumas: kod\u0117l pilkojoje zonoje m\u0105stome kriti\u0161kai?\u201c\u00a0"},"content":{"rendered":"\n<p>Mokytojai, bibliotek\u0173 ir jaunimo darbuotojai <strong>spalio 19 d. 15.00\u201316.30 val.<\/strong> kvie\u010diami dalyvauti nuotoliniame seminare <strong>\u201eInformacinis ra\u0161tingumas: kod\u0117l pilkojoje zonoje m\u0105stome kriti\u0161kai?\u201c<\/strong>, kur\u012f ves informacini\u0173 ir psichologini\u0173 operacij\u0173 bei dezinformacijos ekspertas <strong>Darius Remeika<\/strong>.<\/p>\n\n\n\n<p><br>Mokym\u0173 metu \u012fgysite \u017eini\u0173 apie vien\u0105 i\u0161 labiausiai paplitusi\u0173 kognityvini\u0173 klaid\u0173 \u2013 dichotomin\u012f m\u0105stym\u0105, kuris nes\u0105moningai stumia mus konfrontacijos, poliarizacijos ir neapykantos kalbos link.<\/p>\n\n\n\n<p><br>U\u017esi\u0117mimo metu bus atliekami pratimai, skirti stiprinti atsparum\u0105 manipuliacijoms ir informacijos sutrikimams, tokiems kaip dezinformacija, netikros naujienos ar propaganda.<\/p>\n\n\n\n<p><\/p>\n\n\n\n<p><strong>Seminaro planas:<\/strong><br>15.00-15.15 val.: \u012fvadas \u012f seminar\u0105 (supa\u017eindinimas su seminaro planu) (angl\u0173 k.);<br>15.15-16.00 val.: seminarai lietuvi\u0173 (ved. Darius Remeika), latvi\u0173 (ved. Ronalds Sili\u0146\u0161) ir est\u0173 (ved. Kaili Malts) kalbomis atskirose ZOOM platformos erdv\u0117se;<br>16.00-16.30 val.: seminaro apibendrinimas (angl\u0173 k.).<\/p>\n\n\n\n<p>Seminar\u0105 angl\u0173 kalba moderuos ir apibendrins doc. Maria Murumaa-Mengel (Tartu Universitetas).<\/p>\n\n\n\n<p><\/p>\n\n\n\n<p><strong>Laikas: <\/strong>spalio 19 d. 15.00\u201316.30 val.<br><strong>Vieta:<\/strong> ZOOM platforma.<\/p>\n\n\n\n<p>Seminaras <strong>nemokamas<\/strong>.<\/p>\n\n\n\n<p><strong>B\u016btina registracija.<\/strong><br>Registracija vyksta <strong>iki spalio 17 d.<\/strong><\/p>\n\n\n\n<p><strong>REGISTRACIJA U\u017dDARYTA.<\/strong><\/p>\n\n\n\n<p><em>Visi u\u017esiregistravusieji gaus patvirtinimo lai\u0161k\u0105 su nuoroda \u012f rengin\u012f.<\/em><\/p>\n\n\n\n<figure class=\"wp-block-image size-large\"><img loading=\"lazy\" decoding=\"async\" width=\"1024\" height=\"576\" src=\"https:\/\/digires.lt\/wp-content\/uploads\/2023\/10\/BECID_zoominar_horizontal-1-1024x576.jpg\" alt=\"\" class=\"wp-image-3243\" srcset=\"https:\/\/digires.lt\/wp-content\/uploads\/2023\/10\/BECID_zoominar_horizontal-1-1024x576.jpg 1024w, https:\/\/digires.lt\/wp-content\/uploads\/2023\/10\/BECID_zoominar_horizontal-1-300x169.jpg 300w, https:\/\/digires.lt\/wp-content\/uploads\/2023\/10\/BECID_zoominar_horizontal-1-768x432.jpg 768w, https:\/\/digires.lt\/wp-content\/uploads\/2023\/10\/BECID_zoominar_horizontal-1-1536x864.jpg 1536w, https:\/\/digires.lt\/wp-content\/uploads\/2023\/10\/BECID_zoominar_horizontal-1.jpg 1920w\" sizes=\"auto, (max-width: 1024px) 100vw, 1024px\" \/><\/figure>\n","protected":false},"featured_media":3243,"template":"","class_list":["post-3235","event","type-event","status-publish","has-post-thumbnail","hentry"],"acf":[],"_links":{"self":[{"href":"https:\/\/digires.lt\/en\/wp-json\/wp\/v2\/event\/3235","targetHints":{"allow":["GET"]}}],"collection":[{"href":"https:\/\/digires.lt\/en\/wp-json\/wp\/v2\/event"}],"about":[{"href":"https:\/\/digires.lt\/en\/wp-json\/wp\/v2\/types\/event"}],"wp:featuredmedia":[{"embeddable":true,"href":"https:\/\/digires.lt\/en\/wp-json\/wp\/v2\/media\/3243"}],"wp:attachment":[{"href":"https:\/\/digires.lt\/en\/wp-json\/wp\/v2\/media?parent=3235"}],"curies":[{"name":"wp","href":"https:\/\/api.w.org\/{rel}","templated":true}]}}

Nuotolinis seminaras „Informacinis raštingumas: kodėl pilkojoje zonoje mąstome kritiškai?“

<p>Mokytojai, bibliotekų ir jaunimo darbuotojai <strong>spalio 19 d. 15.00–16.30 val.</strong> kviečiami dalyvauti nuotoliniame seminare <strong>„Informacinis raštingumas: kodėl pilkojoje zonoje mąstome kritiškai?“</strong>, kurį ves informacinių ir psichologinių operacijų bei dezinformacijos ekspertas <strong>Darius Remeika</strong>.</p>



<p><br>Mokymų metu įgysite žinių apie vieną iš labiausiai paplitusių kognityvinių klaidų – dichotominį mąstymą, kuris nesąmoningai stumia mus konfrontacijos, poliarizacijos ir neapykantos kalbos link.</p>



<p><br>Užsiėmimo metu bus atliekami pratimai, skirti stiprinti atsparumą manipuliacijoms ir informacijos sutrikimams, tokiems kaip dezinformacija, netikros naujienos ar propaganda.</p>



<p></p>



<p><strong>Seminaro planas:</strong><br>15.00-15.15 val.: įvadas į seminarą (supažindinimas su seminaro planu) (anglų k.);<br>15.15-16.00 val.: seminarai lietuvių (ved. Darius Remeika), latvių (ved. Ronalds Siliņš) ir estų (ved. Kaili Malts) kalbomis atskirose ZOOM platformos erdvėse;<br>16.00-16.30 val.: seminaro apibendrinimas (anglų k.).</p>



<p>Seminarą anglų kalba moderuos ir apibendrins doc. Maria Murumaa-Mengel (Tartu Universitetas).</p>



<p></p>



<p><strong>Laikas: </strong>spalio 19 d. 15.00–16.30 val.<br><strong>Vieta:</strong> ZOOM platforma.</p>



<p>Seminaras <strong>nemokamas</strong>.</p>



<p><strong>Būtina registracija.</strong><br>Registracija vyksta <strong>iki spalio 17 d.</strong></p>



<p><strong>REGISTRACIJA UŽDARYTA.</strong></p>



<p><em>Visi užsiregistravusieji gaus patvirtinimo laišką su nuoroda į renginį.</em></p>



<figure class="wp-block-image size-large"><img loading="lazy" decoding="async" width="1024" height="576" src="https://digires.lt/wp-content/uploads/2023/10/BECID_zoominar_horizontal-1-1024x576.jpg" alt="" class="wp-image-3243" srcset="https://digires.lt/wp-content/uploads/2023/10/BECID_zoominar_horizontal-1-1024x576.jpg 1024w, https://digires.lt/wp-content/uploads/2023/10/BECID_zoominar_horizontal-1-300x169.jpg 300w, https://digires.lt/wp-content/uploads/2023/10/BECID_zoominar_horizontal-1-768x432.jpg 768w, https://digires.lt/wp-content/uploads/2023/10/BECID_zoominar_horizontal-1-1536x864.jpg 1536w, https://digires.lt/wp-content/uploads/2023/10/BECID_zoominar_horizontal-1.jpg 1920w" sizes="auto, (max-width: 1024px) 100vw, 1024px" /></figure>
