{"id":1584,"date":"2022-12-01T14:48:30","date_gmt":"2022-12-01T14:48:30","guid":{"rendered":"https:\/\/digires.lt\/?post_type=event&#038;p=1584"},"modified":"2022-12-01T22:56:39","modified_gmt":"2022-12-01T22:56:39","slug":"digires-zinome-kaip-veikia-dezinformacija-o-kas-toliau","status":"publish","type":"event","link":"https:\/\/digires.lt\/en\/event\/digires-zinome-kaip-veikia-dezinformacija-o-kas-toliau\/","title":{"rendered":"<strong>DIGIRES: \u017einome, kaip veikia dezinformacija. O kas toliau?<\/strong>"},"content":{"rendered":"\n<p><strong>DIGIRES: \u017einome, kaip veikia dezinformacija. O kas toliau?<\/strong><\/p>\n\n\n\n<p>VDU Mokslo ir studij\u0173 centras, V. Putvinskio g. 23, Kaunas, 311 auditorija<\/p>\n\n\n\n<p><strong>Gruod\u017eio 6 d. (antradienis), 13\u201318 val.<\/strong><\/p>\n\n\n\n<p>PROGRAMA<\/p>\n\n\n\n<p><em>Nuo <\/em><em>12.30 val.<\/em><em> registracija\/ pasisveikinimo kava <\/em>&#x1f91d;&#x2615;&#xfe0f;&#x1f370;<\/p>\n\n\n\n<p>13.00 val. Sveikinimo \u017eodis.<\/p>\n\n\n\n<p>13.10 \u2013 13.40 val. <strong>\u201eNesutarimo kult\u016bra ir dezinformacija: kaip atskirti?\u201c<\/strong><\/p>\n\n\n\n<p>prof. dr.<strong> Gintautas Ma\u017eeikis<\/strong>, filosofas<\/p>\n\n\n\n<p>13.40 \u2013 15.00 val. <strong>SESIJA I Panel diskusija \u201eDezinformacija YRA. O kas toliau?\u201c<\/strong><\/p>\n\n\n\n<p><strong><em>Panel diskusijos dalyviai:&nbsp;<\/em><\/strong><\/p>\n\n\n\n<p><strong>Viktor Denisenko<\/strong>, VU Komunikacijos fakulteto \u017durnalistikos ir medij\u0173 tyrim\u0173 centro docentas&nbsp;<\/p>\n\n\n\n<p><strong>Vygintas Gasparavi\u010dius<\/strong>, LR kult\u016bros ministerijos viceministras<\/p>\n\n\n\n<p><strong>Dainius \u017dvirdauskas<\/strong>, Lietuvos mokykl\u0173 vadov\u0173 asociacijos (LMVA) prezidentas, KTU In\u017einerijos lic\u0117jaus direktorius<\/p>\n\n\n\n<p><strong>Greta K\u0117velaitien\u0117<\/strong>, Panev\u0117\u017eio apskrities G. Petkevi\u010dait\u0117s-Bit\u0117s vie\u0161osios bibliotekos Kult\u016bros paveldo tyrin\u0117jimo ir skaitmeninimo skyriaus vadov\u0117&nbsp;<\/p>\n\n\n\n<p>Moderator\u0117 \u2013 DELFI vyr. redaktor\u0117 <strong>Rasa Lukaityt\u0117-Vnarauskien\u0117<\/strong><\/p>\n\n\n\n<p>15.00 \u2013 15.30 val. <strong>\u201eVieneri metai su DIGIRES: apie skaitmenin\u012f atsparum\u0105 su\u017einojome daug, bet patyr\u0117me dar ne visk\u0105\u201c&nbsp;<\/strong><\/p>\n\n\n\n<p>prof. dr. <strong>Auks\u0117 Bal\u010dytien\u0117<\/strong>, DIGIRES projekto vadov\u0117 ir vyriausioji tyr\u0117ja, VDU Vie\u0161osios komunikacijos katedros profesor\u0117, VDU UNESCO medij\u0173 ir informacinio ra\u0161tingumo \u012ftraukiai \u017eini\u0173 visuomenei katedros vadov\u0117<\/p>\n\n\n\n<p>15.30 \u2013 15.50 val. Pokalbi\u0173 ir u\u017ekand\u017ei\u0173 pertrauka &#x1f96a;&#x1f9c1;&#x2615;&#xfe0f;<\/p>\n\n\n\n<p>15.50 \u2013 16.10val.<strong>\u201eSantykinis prana\u0161umas: atsparumo dezinformacijai perspektyva\u201c<\/strong><\/p>\n\n\n\n<p><strong>Darius Remeika, <\/strong>VDU doktorantas, psichologini\u0173 ir informacini\u0173 operacij\u0173 karininkas&nbsp;<\/p>\n\n\n\n<p>16.10 \u2013 17.10 val. <strong>SESIJA II \u201eDezinformacija VEIKIA. O kas toliau?\u201c<\/strong><\/p>\n\n\n\n<p><strong><em>Prane\u0161\u0117jai:<\/em><\/strong><\/p>\n\n\n\n<p>16.10 val. <strong>NVO vaidmuo ir ateities i\u0161\u0161\u016bkiai visuomen\u0117s skaitmeninio ra\u0161tingumo didinimo srityje.<\/strong> Prane\u0161\u0117jas Algirdas Davidavi\u010dius<strong>, <\/strong>Vilniaus politikos analiz\u0117s instituto VPAI Nacionalinis medij\u0173 ir informacinio ra\u0161tingumo tinklas (nuotoliniu b\u016bdu)<\/p>\n\n\n\n<p>16.20 val. <strong>Bibliotek\u0173 vaidmuo ir tikslai visuomen\u0117s medij\u0173 ra\u0161tingumo ugdyme 2023 m. <\/strong>Prane\u0161\u0117ja -Greta K\u0117velaitien\u0117<strong>, <\/strong>Panev\u0117\u017eio apskrities G. Petkevi\u010dait\u0117s-Bit\u0117s vie\u0161osios bibliotekos Kult\u016bros paveldo tyrin\u0117jimo ir skaitmeninimo skyriaus vadov\u0117\u00a0<\/p>\n\n\n\n<p>16.30 val. <strong>Nacionalin\u0117s \u017einiasklaidos poveikis visuomen\u0117s skaitmeninio atsparumo didinimui.<\/strong> Prane\u0161\u0117ja <strong>\u2013 Aist\u0117 Meidut\u0117<\/strong>, DELFI.lt skilties \u201eMelo detektorius\u201c vyr. redaktor\u0117, fakt\u0173 tikrintoja Aist\u0117 Meidut\u0117.<\/p>\n\n\n\n<p>16.40 val. <strong>Regionin\u0117s \u017einiasklaidos \u012ftaka ir galimyb\u0117s kovoje su dezinformacija. <\/strong>Prane\u0161\u0117ja laikra\u0161\u010dio \u201eTaurag\u0117s kurjeris\u201c, direktor\u0117 Ramun\u0117 Ramanauskien\u0117&nbsp;<\/p>\n\n\n\n<p>16.50 val. <strong>Tarptautinis medij\u0173 ra\u0161tingumo indeksas ir Lietuvos kaimo mokini\u0173 rezultatai: kas bendro? <\/strong>Prane\u0161\u0117jas<strong> \u2013 Dainoras Lukas, <\/strong>LR \u0160vietimo, mokslo ir sporto ministr\u0117s patar\u0117jas&nbsp;<\/p>\n\n\n\n<p>17.00 val. <strong>Tikslini\u0173 grupi\u0173 aktyvaus dalyvavimo svarba medij\u0173 ra\u0161tingumo ugdyme: esami i\u0161tekliai ir galimyb\u0117s. <\/strong>Prane\u0161\u0117ja \u2013 Neringa Jur\u010diukonyt\u0117 \u201eMedia4Change\u201c vadov\u0117.<\/p>\n\n\n\n<p>17.10 \u2013 18.00 val. <strong>SESIJA III Panel diskusija \u201eO kas toliau? Veiksm\u0173 planas 2023\u201c<\/strong><\/p>\n\n\n\n<p><strong><em>Panel diskusijos dalyviai:&nbsp;<\/em><\/strong><\/p>\n\n\n\n<p><strong>Darius Remeika, <\/strong>VDU doktorantas, psichologini\u0173 ir informacini\u0173 operacij\u0173 karininkas&nbsp;<\/p>\n\n\n\n<p><strong>Ieva Ivanauskait\u0117<\/strong>,DELFI.lt Verslo vystymo vadov\u0117<\/p>\n\n\n\n<p><strong>Dainius \u017dvirdauskas<\/strong>, Lietuvos mokykl\u0173 vadov\u0173 asociacijos (LMVA) prezidentas<\/p>\n\n\n\n<p>prof. dr. <strong>Auks\u0117 Bal\u010dytien\u0117<\/strong>, DIGIRES projekto vadov\u0117 ir vyriausioji tyr\u0117ja<\/p>\n\n\n\n<p>Moderator\u0117 \u2013 DIGIRES \u017eurnalist\u0117 <strong>Brigita Sabaliauskait\u0117<\/strong><\/p>\n\n\n\n<p><strong>Gruod\u017eio 7 d. (tre\u010diadienis) 10.00 \u2013 11.30 val.<\/strong><\/p>\n\n\n\n<p>VDU Mokslo ir studij\u0173 centras, V. Putvinskio g. 23, Kaunas, 101 auditorija<\/p>\n\n\n\n<p><em>Darbinis DIGIRES asociacijos nari\u0173 susitikimas su dalyviais i\u0161 regionin\u0117s \u017einiasklaidos ir bibliotek\u0173.&nbsp;<\/em><\/p>\n\n\n\n<p><em>Nuo <\/em><em>9.30 val.<\/em><em> rytas su kava <\/em>&#x2615;&#xfe0f;&#x1f370;<\/p>\n\n\n\n<p>10.00 \u2013 11.30 val. <strong>SESIJA IV \u201eDIGIRES: NVO ateities gair\u0117s\u201c.<\/strong><\/p>\n\n\n\n<p>11.30 \u2013 12.00 val. atsisveikinimo kava &#x2615;&#xfe0f; &#x1f44b;<\/p>\n\n\n\n<p><em>PAPILDOMA INFORMACIJA:<\/em><\/p>\n\n\n\n<p>&#x270d;&#xfe0f;<strong> REGISTRACIJA <\/strong>vyksta iki gruod\u017eio 5 d. Pra\u0161ome u\u017epildyti anket\u0105 <em>nuorodoje <\/em><a href=\"https:\/\/forms.gle\/oxmk54xEYRLCCvpz9\">https:\/\/forms.gle\/oxmk54xEYRLCCvpz9<\/a><\/p>\n\n\n\n<p>&#x1f697;<strong> PARKINGAS <\/strong>Patogiausia parkuotis automobil\u012f po\u017eemin\u0117je Vienyb\u0117s aik\u0161t\u0117s automobili\u0173 parkavimo aik\u0161tel\u0117je (\u012fva\u017eiavimas i\u0161 Putvinskio g., daugiau informacijos <em>nuorodoje<\/em> <a href=\"http:\/\/www.blc.lt\/parkingas-kaune-automobiliu-stovejimo-aikstele-kauno-centre\/\">http:\/\/www.blc.lt\/parkingas-kaune-automobiliu-stovejimo-aikstele-kauno-centre\/<\/a> )<\/p>\n\n\n\n<p><em>Kilus papildomiems klausimams ir neai\u0161kumams, ra\u0161ykite el. p. <a href=\"info@digires.lt\">info@digires.lt <\/a><\/em><\/p>\n","protected":false},"featured_media":1586,"template":"","class_list":["post-1584","event","type-event","status-publish","has-post-thumbnail","hentry"],"acf":[],"_links":{"self":[{"href":"https:\/\/digires.lt\/en\/wp-json\/wp\/v2\/event\/1584","targetHints":{"allow":["GET"]}}],"collection":[{"href":"https:\/\/digires.lt\/en\/wp-json\/wp\/v2\/event"}],"about":[{"href":"https:\/\/digires.lt\/en\/wp-json\/wp\/v2\/types\/event"}],"wp:featuredmedia":[{"embeddable":true,"href":"https:\/\/digires.lt\/en\/wp-json\/wp\/v2\/media\/1586"}],"wp:attachment":[{"href":"https:\/\/digires.lt\/en\/wp-json\/wp\/v2\/media?parent=1584"}],"curies":[{"name":"wp","href":"https:\/\/api.w.org\/{rel}","templated":true}]}}

<strong>DIGIRES: žinome, kaip veikia dezinformacija. O kas toliau?</strong>

<p><strong>DIGIRES: žinome, kaip veikia dezinformacija. O kas toliau?</strong></p>



<p>VDU Mokslo ir studijų centras, V. Putvinskio g. 23, Kaunas, 311 auditorija</p>



<p><strong>Gruodžio 6 d. (antradienis), 13–18 val.</strong></p>



<p>PROGRAMA</p>



<p><em>Nuo </em><em>12.30 val.</em><em> registracija/ pasisveikinimo kava </em>&#x1f91d;&#x2615;&#xfe0f;&#x1f370;</p>



<p>13.00 val. Sveikinimo žodis.</p>



<p>13.10 – 13.40 val. <strong>„Nesutarimo kultūra ir dezinformacija: kaip atskirti?“</strong></p>



<p>prof. dr.<strong> Gintautas Mažeikis</strong>, filosofas</p>



<p>13.40 – 15.00 val. <strong>SESIJA I Panel diskusija „Dezinformacija YRA. O kas toliau?“</strong></p>



<p><strong><em>Panel diskusijos dalyviai:&nbsp;</em></strong></p>



<p><strong>Viktor Denisenko</strong>, VU Komunikacijos fakulteto Žurnalistikos ir medijų tyrimų centro docentas&nbsp;</p>



<p><strong>Vygintas Gasparavičius</strong>, LR kultūros ministerijos viceministras</p>



<p><strong>Dainius Žvirdauskas</strong>, Lietuvos mokyklų vadovų asociacijos (LMVA) prezidentas, KTU Inžinerijos licėjaus direktorius</p>



<p><strong>Greta Kėvelaitienė</strong>, Panevėžio apskrities G. Petkevičaitės-Bitės viešosios bibliotekos Kultūros paveldo tyrinėjimo ir skaitmeninimo skyriaus vadovė&nbsp;</p>



<p>Moderatorė – DELFI vyr. redaktorė <strong>Rasa Lukaitytė-Vnarauskienė</strong></p>



<p>15.00 – 15.30 val. <strong>„Vieneri metai su DIGIRES: apie skaitmeninį atsparumą sužinojome daug, bet patyrėme dar ne viską“&nbsp;</strong></p>



<p>prof. dr. <strong>Auksė Balčytienė</strong>, DIGIRES projekto vadovė ir vyriausioji tyrėja, VDU Viešosios komunikacijos katedros profesorė, VDU UNESCO medijų ir informacinio raštingumo įtraukiai žinių visuomenei katedros vadovė</p>



<p>15.30 – 15.50 val. Pokalbių ir užkandžių pertrauka &#x1f96a;&#x1f9c1;&#x2615;&#xfe0f;</p>



<p>15.50 – 16.10val.<strong>„Santykinis pranašumas: atsparumo dezinformacijai perspektyva“</strong></p>



<p><strong>Darius Remeika, </strong>VDU doktorantas, psichologinių ir informacinių operacijų karininkas&nbsp;</p>



<p>16.10 – 17.10 val. <strong>SESIJA II „Dezinformacija VEIKIA. O kas toliau?“</strong></p>



<p><strong><em>Pranešėjai:</em></strong></p>



<p>16.10 val. <strong>NVO vaidmuo ir ateities iššūkiai visuomenės skaitmeninio raštingumo didinimo srityje.</strong> Pranešėjas Algirdas Davidavičius<strong>, </strong>Vilniaus politikos analizės instituto VPAI Nacionalinis medijų ir informacinio raštingumo tinklas (nuotoliniu būdu)</p>



<p>16.20 val. <strong>Bibliotekų vaidmuo ir tikslai visuomenės medijų raštingumo ugdyme 2023 m. </strong>Pranešėja -Greta Kėvelaitienė<strong>, </strong>Panevėžio apskrities G. Petkevičaitės-Bitės viešosios bibliotekos Kultūros paveldo tyrinėjimo ir skaitmeninimo skyriaus vadovė </p>



<p>16.30 val. <strong>Nacionalinės žiniasklaidos poveikis visuomenės skaitmeninio atsparumo didinimui.</strong> Pranešėja <strong>– Aistė Meidutė</strong>, DELFI.lt skilties „Melo detektorius“ vyr. redaktorė, faktų tikrintoja Aistė Meidutė.</p>



<p>16.40 val. <strong>Regioninės žiniasklaidos įtaka ir galimybės kovoje su dezinformacija. </strong>Pranešėja laikraščio „Tauragės kurjeris“, direktorė Ramunė Ramanauskienė&nbsp;</p>



<p>16.50 val. <strong>Tarptautinis medijų raštingumo indeksas ir Lietuvos kaimo mokinių rezultatai: kas bendro? </strong>Pranešėjas<strong> – Dainoras Lukas, </strong>LR Švietimo, mokslo ir sporto ministrės patarėjas&nbsp;</p>



<p>17.00 val. <strong>Tikslinių grupių aktyvaus dalyvavimo svarba medijų raštingumo ugdyme: esami ištekliai ir galimybės. </strong>Pranešėja – Neringa Jurčiukonytė „Media4Change“ vadovė.</p>



<p>17.10 – 18.00 val. <strong>SESIJA III Panel diskusija „O kas toliau? Veiksmų planas 2023“</strong></p>



<p><strong><em>Panel diskusijos dalyviai:&nbsp;</em></strong></p>



<p><strong>Darius Remeika, </strong>VDU doktorantas, psichologinių ir informacinių operacijų karininkas&nbsp;</p>



<p><strong>Ieva Ivanauskaitė</strong>,DELFI.lt Verslo vystymo vadovė</p>



<p><strong>Dainius Žvirdauskas</strong>, Lietuvos mokyklų vadovų asociacijos (LMVA) prezidentas</p>



<p>prof. dr. <strong>Auksė Balčytienė</strong>, DIGIRES projekto vadovė ir vyriausioji tyrėja</p>



<p>Moderatorė – DIGIRES žurnalistė <strong>Brigita Sabaliauskaitė</strong></p>



<p><strong>Gruodžio 7 d. (trečiadienis) 10.00 – 11.30 val.</strong></p>



<p>VDU Mokslo ir studijų centras, V. Putvinskio g. 23, Kaunas, 101 auditorija</p>



<p><em>Darbinis DIGIRES asociacijos narių susitikimas su dalyviais iš regioninės žiniasklaidos ir bibliotekų.&nbsp;</em></p>



<p><em>Nuo </em><em>9.30 val.</em><em> rytas su kava </em>&#x2615;&#xfe0f;&#x1f370;</p>



<p>10.00 – 11.30 val. <strong>SESIJA IV „DIGIRES: NVO ateities gairės“.</strong></p>



<p>11.30 – 12.00 val. atsisveikinimo kava &#x2615;&#xfe0f; &#x1f44b;</p>



<p><em>PAPILDOMA INFORMACIJA:</em></p>



<p>&#x270d;&#xfe0f;<strong> REGISTRACIJA </strong>vyksta iki gruodžio 5 d. Prašome užpildyti anketą <em>nuorodoje </em><a href="https://forms.gle/oxmk54xEYRLCCvpz9">https://forms.gle/oxmk54xEYRLCCvpz9</a></p>



<p>&#x1f697;<strong> PARKINGAS </strong>Patogiausia parkuotis automobilį požeminėje Vienybės aikštės automobilių parkavimo aikštelėje (įvažiavimas iš Putvinskio g., daugiau informacijos <em>nuorodoje</em> <a href="http://www.blc.lt/parkingas-kaune-automobiliu-stovejimo-aikstele-kauno-centre/">http://www.blc.lt/parkingas-kaune-automobiliu-stovejimo-aikstele-kauno-centre/</a> )</p>



<p><em>Kilus papildomiems klausimams ir neaiškumams, rašykite el. p. <a href="info@digires.lt">info@digires.lt </a></em></p>
